{"id":25,"date":"2022-03-03T14:16:04","date_gmt":"2022-03-03T14:16:04","guid":{"rendered":"http:\/\/testpourformationsaulieu.local\/?post_type=product&#038;p=25"},"modified":"2022-03-03T14:16:10","modified_gmt":"2022-03-03T14:16:10","slug":"glace-a-le-fraise","status":"publish","type":"product","link":"https:\/\/nouveau.comenumerique.fr\/?product=glace-a-le-fraise","title":{"rendered":"Glace \u00e0 la fraise"},"content":{"rendered":"<p>Un d\u00e9lice pour vos papilles avec des ingr\u00e9dients 100% fran\u00e7ais !<\/p>\n","protected":false},"excerpt":{"rendered":"<p>Alerte \u00e0 la gourmandise !<\/p>\n","protected":false},"featured_media":23,"comment_status":"open","ping_status":"closed","template":"","meta":[],"product_cat":[17],"product_tag":[20],"class_list":{"0":"post-25","1":"product","2":"type-product","3":"status-publish","4":"has-post-thumbnail","6":"product_cat-glace-enfance","7":"product_tag-glace-fraise","9":"entry","10":"has-media","12":"first","13":"instock","14":"shipping-taxable","15":"purchasable","16":"product-type-simple","17":"has-product-nav","18":"col","19":"span_1_of_3","20":"owp-content-center","21":"owp-thumbs-layout-horizontal","22":"owp-btn-normal","23":"owp-tabs-layout-horizontal","24":"has-no-thumbnails"},"aioseo_notices":[],"_links":{"self":[{"href":"https:\/\/nouveau.comenumerique.fr\/index.php?rest_route=\/wp\/v2\/product\/25","targetHints":{"allow":["GET"]}}],"collection":[{"href":"https:\/\/nouveau.comenumerique.fr\/index.php?rest_route=\/wp\/v2\/product"}],"about":[{"href":"https:\/\/nouveau.comenumerique.fr\/index.php?rest_route=\/wp\/v2\/types\/product"}],"replies":[{"embeddable":true,"href":"https:\/\/nouveau.comenumerique.fr\/index.php?rest_route=%2Fwp%2Fv2%2Fcomments&post=25"}],"wp:featuredmedia":[{"embeddable":true,"href":"https:\/\/nouveau.comenumerique.fr\/index.php?rest_route=\/wp\/v2\/media\/23"}],"wp:attachment":[{"href":"https:\/\/nouveau.comenumerique.fr\/index.php?rest_route=%2Fwp%2Fv2%2Fmedia&parent=25"}],"wp:term":[{"taxonomy":"product_cat","embeddable":true,"href":"https:\/\/nouveau.comenumerique.fr\/index.php?rest_route=%2Fwp%2Fv2%2Fproduct_cat&post=25"},{"taxonomy":"product_tag","embeddable":true,"href":"https:\/\/nouveau.comenumerique.fr\/index.php?rest_route=%2Fwp%2Fv2%2Fproduct_tag&post=25"}],"curies":[{"name":"wp","href":"https:\/\/api.w.org\/{rel}","templated":true}]}}